20)?
-112
What is the value of 1 - (23 + -11) - ((4 - -2) + -5 - 8)?
-4
1 - -16 - ((23 + -60 - -9) + 95)
-50
Evaluate 197 + -155 - (21 + 39).
-18
What is -7 - 1 - (-3 - (145 - 8) - (-353 - -347))?
126
Evaluate -204 + 106 + (-105 - -90).
-113
Evaluate 8 - (-18 + 2 - (-217 + 175) - (-2 + 10)).
-10
-18 - ((72 - 60) + -66)
36
What is the value of 7 + (33 - (-1 + 2 + (19 + -25 - -7)))?
38
Evaluate (-290 - -175) + (-8 - (-4 - ((6 - 12) + 0))).
-125
What is (2798 - 2851 - (-1 + -28)) + 40?
16
Calculate 16 + -57 + (-1 + -2 - (-1 - 7)) + -6.
-42
Evaluate -73 - (-21 - 67) - (1 + 8).
6
What is the value of -83 + 105 - (-8 + 17 - 22)?
35
What is the value of 19 + -8 + 2 + (30 - 40) + (13 - -2)?
18
Evaluate 24 - 23 - (-7 + (2 - -1) + 3).
2
Evaluate 12 - -34 - (4 + (13 - 3) + -7).
39
Calculate -14 - (56 - (-1 - -71) - (-45 + 1)).
-44
What is the value of -31 + -13 + 43 + 24 + 0 + -78?
-55
What is the value of 16503 + -16454 - (-2 + (-1 - 1))?
53
What is the value of 29 - (2 + 71 + (-11 - 17))?
-16
(-64 - -85) + -71 - -90
40
Calculate (3 - (1 - -38)) + -599 + 612.
-23
Calculate (2 - (1 + 1) - 1) + (-25 - -95 - -2).
71
What is the value of -17 + -2 + 96 + -140?
-63
What is -5 + 3 + -3 + (77 - 64) + -11?
-3
What is -4 + 70 - 9 - (-54 + 74)?
37
Calculate 8 - -1 - (-23 - (51 - 72)).
11
What is the value of -319 + 327 - (2 - 4 - 2)?
12
-27 + 4 + -3 + 19 + -6 + 0 + -5
-18
Evaluate -18 + (4 - (-37 + 17)).
6
Calculate 664 - 647 - (-15 + 2) - 138.
-108
What is -10 + (-18 - (8 - (6 + 2 - 8))) + 7?
-29
Calculate (-6 - (3 + (-2 - -9) + -17)) + 48.
49
(-6 - 12) + (144 - 81)
45
What is 27 + 8 + (-38 - -24) + -8?
13
Calculate 38 - (31 + 133 + (-36 - -5)).
-95
What is 23 + -33 + (-77 - (-6 - -8) - (1 + 5))?
-95
What is -55 - 2 - (-7539 - -7482)?
0
What is the value of -77 + -3 + (2 - 13) + (-20 - (0 + -27))?
-84
(37 - 50) + 3 + -2 + (105 - 4) - 13
76
Calculate -53413 + 53381 + (1 - 1) + 142.
110
What is -21 - ((3 - 1) + (-77 - -68)) - 0 - 96?
-110
What is the value of 3 - -64 - 87 - 41?
-61
Evaluate -34 - -12 - (6 - (-2 - (-1 - (0 - -4)))).
-25
(1 - 1) + 1 + 20 + (2493 - 2485)
29
What is -9 + (12 - -24 - -16)?
43
Calculate -25 + 1 + (4 - -30) + -79 + 30.
-39
What is the value of -11 - (93 - 8 - 13 - (-22 - -20))?
-85
(60 - (75 - 43)) + -54
-26
Evaluate 21 + -1 + -16 + -25 + 12.
-9
16 + -101 + 52 - -22
-11
3 + -4 + 16 + -7
8
What is the value of (-2 + (-6 - 5) - -7) + (-38 + -11 - 10)?
-65
Calculate -6 + (31 - (28 - 8)) + -33.
-28
What is -600 - -625 - (48 - -5)?
-28
What is the value of (-26 - -132) + 7 - 63?
50
Calculate (1 - (-3 - -113)) + 12 - (-29 - -36).
-104
What is the value of 23 + 0 + 2 + (-521 - -539)?
43
Calculate -5 - ((3 - 29) + 83 + -93).
31
Calculate -49 - ((-5 - (2 + 5)) + (30 - 26)).
-41
Calculate 10 - (1 - 0) - (29 + 51 - 74).
3
(3 - (1 - -16 - 1)) + 681 + -694
-26
Calculate 36 - ((-78 - -39) + 66).
9
What is the value of (0 - (1 - (1 + 5))) + (-16835 - -16859)?
29
Calculate -46 + (-4 - 5 - -7) + (-3 - 7) - 0.
-58
Evaluate (54 + -12 - -169) + -120.
91
What is the value of -17 - 1 - (25 + -159 - -100)?
16
-10 - (-8 + -9) - ((2 - (8 - -8)) + -2)
23
Calculate -42 + 90 - 83 - (-2 + 57).
-90
Evaluate 0 + 10 + -3 + (-12 - (8 + -10)) + 20.
17
What is 13 + (23 + 33 + 2 + 8 + -4 - 5)?
70
What is the value of 15 - (-8 + (-9 - -2) + 10 + 10) - -28?
38
What is the value of 13 + (-9 - -6 - -7) + -23?
-6
Calculate (42 - 7) + 2 + -5.
32
3 - 51 - -53 - 2
3
What is (-1 - -12) + (-6 + 5 - -3) + -4?
9
Calculate (-100 - -99 - (17 + -1)) + -42.
-59
What is -173 + 19 + 71 - -52?
-31
What is -2 + -10 + ((-1 - -17) + -16 - (-50 + 0))?
38
What is -75 + 11 + 63 + -39 - (-5 - 0)?
-35
Evaluate (-1 - (2 - (6 + -2))) + (20 - -164 - 185).
0
Calculate (436 - 437) + 3 + 1.
3
(5 - 1 - ((-9 - -67) + (-48 - -8))) + 107
93
Evaluate (35 + -39 - (5 + -3 + -36)) + -1 + -8.
21
What is (8 - 6 - 15) + 30 + -40 + 11?
-12
(-3 - (-9 + -58)) + 5 - (-13 + 2)
80
37 - -6 - (-20 + -39 + 28 + 16)
58
Evaluate 3 + -37 + -19 + (-49 - -54).
-48
Evaluate 3 - 66 - 1 - (33 + -64).
-33
126 + (1 - -26) + -20 + 7 + (2 - 0)
142
Evaluate (13 + -3 - -39) + (-12 - -21 - 15 - -7).
50
Calculate (81 - 99) + (6 - 7) + 52.
33
What is the value of -1 + 13 - (-143 - -26 - -100)?
29
Calculate -42 - (-154 - -48) - 20.
44
What is (-4 - (-3 + 5)) + 86 + 19 + 28?
127
What is (42 - (-40 - -19)) + 0?
63
(374 - 382) + -4 + 19
7
(163 - (-58 + 124)) + -76
21
What is -48 + 3 + 29 + 28?
12
What is 72 - (81 - 15) - ((-58 - -4) + -1 + -4)?
65
(-832 - -817) + (32 - 0) - 42
-25
Evaluate 0 + -1 - -114 - 125.
-12
Evaluate -10 - 17 - (-44 + 8).
9
-49 + 61 - (15 - -10) - (-1 - 58)
46
Evaluate (-27 - -53) + -39 - (2 + -66 + 0).
51
What is the value of -12 + -30 + 4 - ((-19 - -7) + -3)?
-23
(-2 + 40 - 6) + (27 - 0 - 39)
20
Evaluate 1 + (-121 - -189) - 2.
67
Evaluate 59 + -91 + 11 + 37.
16
Calculate -110 + 110 + (-3 - 31) + 2 + 18.
-14
(-6 + 10 - -8) + (-27 - (33 + 26))
-74
Calculate 6 - (-10 + (-16 - (-10 - 3))).
19
-1 + -1 - (26 - 10) - -3 - 45
-60
What is the value of -8 - (3 + 24) - (-5 - (-5 + 8))?
-27
What is (64 + -31 - 58) + 73?
48
Evaluate (-51 - -2) + (-14 - -7) + (-34 - -57).
-33
215 + -70 + -36 - 55
54
What is the value of 19 + -50 + 17 - -43?
29
What is the value of 50 - (44 + 43 + -13)?
-24
Evaluate -46 + 52 + 15 - 48.
-27
What is -51 + 2 - (1022 + -1078)?
7
Evaluate 20 - -1 - (210 - 410 - -137).
84
Evaluate -93 + 58 - (19 + -33 + -12).
-9
-178 + 13 + -136 + 209
-92
Calculate -1 + -90 + 1 + -2392 + 2386 + (-1 - -20).
-77
Calculate 1 + -29 + 197 + -180 + (9 - 0).
-2
What is (57 + -1 - (-5 + -20 + 21 + 2)) + -6?
52
Evaluate -68 + 72 + 5 - (66 + -3 + 1 + 0).
-55
What is the value of (5 - (3 + (34 - 7) + -10 + -9)) + -22?
-28
(111 - 66) + 9 + -63
-9
What is the value of (79 - 86) + -130 - -64?
-73
What is 17 + -23 - 17 - (-92 - -163)?
-94
What is -68 - (-92 - (-99 - 19))?
-94
What is the value of -19 + 2 + (17 + -49 + 36 - 76)?
-89
Calculate (-56 + 67 - -30) + (-3 - 16).
22
Calculate 36 - (-11 + 42) - (-85 - (7 - 7)).
90
What is the value of (-9 - (-35 - -17)) + (-4 + 11 - 4)?
12
-11 - (-15 - -3) - (34 + -20)
-13
Calculate -12 + 17 + 2 + 44 + (10 - (-6 - -14)).
53
Evaluate -17 - ((-165 - (-73 + 36)) + 23).
88
What is -14 + 6 + (129 + -133 - (0 + -6 + 1))?
-7
What is the value of 4 + (-1 - 5) + (-5 - 2) + 11?
2
What is the value of 32 - (-29 - -13 - -16 - (-3 + 6))?
35
What is (-37 - (-78 - -43)) + 43 + 3 + -4?
40
130 + (4 + 4 - (60 + -28))
106
What is the value of -10 + (-7 - -4) - (-60 + 0)?
47
Calculate -39 + (-3 - 0 - (-93 + 80) - 12).
-41
Evaluate -8 + (10 - (-7 - ((2 - -5) + 0 + -18))).
-2
Calculate -101 - -3 - (2571 + -2665).
-4
What is (0 - (6 + 1 - -5)) + -29 + 3 - 9?
-47
-27 + 3 + 21 + (13 - -4) + 97
111
-27 - (18 + -46 + -15 + -16)
32
What is 11 - (6476 + -6482 - ((10 - 1) + -1))?
25
Evaluate 38 - 44 - ((30 - 15) + 29).
-50
Evaluate (-9 - -1 - (-22 - (21 + -45))) + -20.
-30
What is the value of 75 - (146 + (70 - 41))?
-100
Calculate 7 - (15 + -21 + 5 + 5 - (1 - -5)).
9
Calculate -20 + (16 + -5 - 5) + 58 - (3 + -16).
57
Calculate 5 + -1 - ((16 - 35 - 26) + (-7 - -16)).
40
Calculate 0 - ((47 - 18) + -46 + -20 + 2).
35
(-2 + 10 - (318 - 313)) + -76 + 3
-70
(6 - (32 + 4)) + -1 + -14 + 18
-27
What is 10 + -15 - (-22 + -1) - (3 + -3 - 1)?
19
18 + (-11 - -19 - (16 - -4)) + (56 - 1)
61
Calculate (4 - 7) + -9 + (-16 - -23) + (6 - 4).
-3
(18 + -20 - -14 - 9) + -2 + 1
2
Calculate -49 + (80 - -21 - 92).
-40
What is the value of -8 - (-45 + (25 - 10) + 18 - 14)?
18
What is the value of 76 + -58 + -19 + -33?
-34
Calculate 14 + (100 + 2 - (-1129 - -1148)).
97
What is the value of 13 - 16 - (-353 + 333 + (9 - 0))?
8
13 + 5 + (9 - ((-17 - -6) + 27))
11
Evaluate -77 - (-1704 - -1734 - (0 - -19)).
-88
Evaluate (-46 - -1) + 587 + -518.
24
Evaluate (2544 - 2472) + (-54 - 1).
17
Evaluate (-78 - (39 + -256)) + -69.
70
What is -17 + (-8 - (-104 + (8 - 2) + -2))?
75
What is the value of (308 - (192 - -171)) + (-1 - (-2 + -9 + -2))?
-43
-14 + (23 - -5) - -37 - (5 - 0 - 0)
46
What is -86 - (-24 - (-211 + 212 - (-2 + 13)))?
-72
91 + -61 + -51 + 136
115
48 - (-41 + 74 + 32)
-17
12 + (3 - 1) + 189 + -194 - 1
8
Evaluate 2 - (-32 - -2 - 3 - (1 + -6)) - -6.
36
Calculate -49 + (0 - -4) - (29 + -53 + 35).
-56
What is 80 + 10 + -661 + 590?
19
Calculate 289 + -2